.
23
Let v = 24 + -22. Let l be 3/v + (-9)/6. Suppose -c - 3*c - 118 = -2*s, -2*s - 4*c + 102 = l. What are the prime factors of s?
5, 11
Let v(q) = q**2 - 9*q - 4. Let a be v(9). Let u(y) = -11*y + 8. What are the prime factors of u(a)?
2, 13
Suppose 0 = 2*x + 13 + 5. Let r = x - -13. Suppose -r*s - 5*v - 11 = -95, 2*v = -3*s + 63. List the prime factors of s.
3, 7
List the prime factors of (-1)/(-4 - 4572/(-1144)).
2, 11, 13
Let g = 14 - 17. Let b be -2 - (-2 - -1 - g). What are the prime factors of (10/8)/((-1)/b)?
5
Suppose -4*m - 11 = -3*d - 0*m, 0 = -d + m + 4. Suppose -3*o + 2*o = -d*r - 164, 283 = 2*o - r. What are the prime factors of o?
139
Suppose -3*r - 588 = -114. Let t = 233 + r. What are the prime factors of t?
3, 5
Let a(g) = g**2 + g - 1. Let b be a(2). Suppose b*n - 7*n + 390 = 0. What are the prime factors of n?
3, 5, 13
Let x(j) = 4*j**2 - 5*j - 40. List the prime factors of x(8).
2, 11
Let n(v) = 0*v - 8*v - 3*v + 0*v. Let s be n(1). Let g = 32 + s. What are the prime factors of g?
3, 7
Let f = 26 + -19. Suppose -3*t - 5*o = -19, o + o = -t + f. Suppose -t*m = m - 40. What are the prime factors of m?
2, 5
Let r = 15 + 5. Let g = r - -3. Suppose g = 17*a - 16*a. List the prime factors of a.
23
Let z(g) = g**3 - g**2 + 2*g + 2. Let s be z(3). Suppose s - 1 = 5*l. Suppose 5*b - 95 = -l*d + 55, 2*b = -4*d + 56. List the prime factors of b.
2
Let l(m) = 4*m**2 + 6*m - 1. Let h be l(-2). What are the prime factors of (-146)/h*((-85)/10 - -7)?
73
Let c = -565 - -1316. What are the prime factors of c?
751
Suppose 2 = -6*a + 14. Suppose 4*q - 131 = -3*l, -2*l = a*q - 6*q + 106. What are the prime factors of q?
29
Suppose -107 = -b + 103. List the prime factors of b.
2, 3, 5, 7
Suppose 0 = 15*d - 11*d - 24. List the prime factors of (44/d)/((-38)/(-855)).
3, 5, 11
Let x(b) = b**3 + 16*b**2 - 42*b - 41. Let y be x(-18). Let l = 85 - y. List the prime factors of l.
2, 3
What are the prime factors of 1*(9 + -5 + 801)?
5, 7, 23
Let p = 2533 - 1539. What are the prime factors of p?
2, 7, 71
Suppose 4*f = 957 + 2623. What are the prime factors of f?
5, 179
List the prime factors of (736/10)/(7 + (-412)/60).
2, 3, 23
Suppose 0 = -12*m + 11*m + 105. Let v = m + -51. List the prime factors of v.
2, 3
Let m(a) = 5*a - 1. Let s be m(-1). Let w = s + 10. List the prime factors of w/(-10) + 137/5.
3
List the prime factors of -1*(36/15)/(27/(-9810)).
2, 109
Suppose -206 = -4*h + 4*b + b, 0 = 2*h - 3*b - 104. Let g = h + -36. What are the prime factors of g?
13
Suppose 9*s - 7*s - 5*l - 927 = 0, -5*s - 3*l = -2395. What are the prime factors of s?
2, 7, 17
Suppose -6*a + 5236 = -434. What are the prime factors of a?
3, 5, 7
What are the prime factors of 3/((-21)/(-2)) - (-3944)/14?
2, 3, 47
Let t(k) = 18 + 3 - 34*k - 15. List the prime factors of t(-5).
2, 11
Suppose 3*w + 17*t - 2526 = 14*t, t - 1689 = -2*w. What are the prime factors of w?
7, 11
Suppose 7*k = -44*k + 67677. What are the prime factors of k?
1327
Suppose 19*z - 8 = 15*z. Suppose -z*j + 91 = -105. What are the prime factors of j?
2, 7
Let d(v) = -v**2 - 7*v - 3. Suppose -w + 21 = 2*o, -3*o - 3*w = -w - 29. Let p = -19 + o. List the prime factors of d(p).
3
What are the prime factors of 2/(-7) + -6 + (-24004)/(-28)?
23, 37
List the prime factors of -2*(72/(-28))/(36/16569).
3, 263
Suppose 2*c - 5*k - 1044 = 0, -5*c = -0*c + 5*k - 2540. What are the prime factors of c?
2
Let c be (5 - -1) + -2 + -2. Suppose 5*f = 2*w - 175, c*f = -5*w + 3*f + 380. List the prime factors of w.
3, 5
Let j = -71 + 156. Let i = j - 62. List the prime factors of i.
23
Suppose 5*l - 140 = -5*b, 2*b = 7*l - 11*l + 122. Let o be (-1 - -1) + -3*4. Let d = o + l. List the prime factors of d.
3, 7
Let f = 28 + -26. Suppose f*r - 2724 = -10*r. List the prime factors of r.
227
Let i(x) = 2*x**2 + 103 - 3*x**2 + 2*x - 86. List the prime factors of i(0).
17
Let y = -4832 + 7364. Suppose -y + 676 = -8*j. List the prime factors of j.
2, 29
Suppose 2*o = 2 - 0. List the prime factors of (-182)/(-2) + -3 + o + -1.
2, 11
Let a(x) = 14*x**2 - 76*x + 45. List the prime factors of a(15).
3, 5, 137
Suppose -105*v + 106*v - 682 = 0. List the prime factors of v.
2, 11, 31
Let z(q) = -q - 3. Let b be z(-3). Suppose -y + 13 = -b*y. Suppose -8*h + y*h - 45 = 0. What are the prime factors of h?
3
Let j(i) = 29*i**3 + i**2 + 2*i + 3. List the prime factors of j(3).
3, 89
Suppose -g + 8*g = 35. Suppose -g*r + 282 = r. Let l = r + -24. What are the prime factors of l?
23
Let m(z) = 105*z + 8. What are the prime factors of m(6)?
2, 11, 29
Let s(h) = 3*h - 14. Let g be s(6). Suppose g*p - d - 4*d = 114, 3*p - 2*d - 82 = 0. What are the prime factors of p?
2, 13
Suppose 0*m = m. Suppose m*k = -k - 9. List the prime factors of (k/27)/(1/(-99)).
3, 11
Let t = 23 + -56. Let y = 13 - t. What are the prime factors of y?
2, 23
Let p = 1597 + -605. List the prime factors of p.
2, 31
Let l = 64 + 119. Suppose 4*d - 5*q = 274, 4*d + 5*q = l + 71. What are the prime factors of d?
2, 3, 11
Suppose -1312 = -18*l + 3152. What are the prime factors of l?
2, 31
Let z be 3 + (-2)/(-6) + (-2058)/18. What are the prime factors of (z/(-2))/(5*(-8)/(-80))?
3, 37
Let n = -287 + 422. Let t = n + -76. What are the prime factors of t?
59
Suppose -2396 = -6*j - 98. List the prime factors of j.
383
Suppose 3*k - 26 = k. Let r = -9 + k. Suppose w = -r*w + 220. List the prime factors of w.
2, 11
Suppose 4*u - 7 = 3*u. Let g(k) = -2*k**2 + k + 1. Let y(n) = 7*n**2 - 13*n + 6. Let x(q) = -3*g(q) - y(q). What are the prime factors of x(u)?
2, 3
Let q be 206/8 - 12/(-48). Let x be 4268/q - 20/130. Suppose 4*a - 59 = 4*l + 69, -x = -5*a + 4*l. List the prime factors of a.
2, 3
Let h(o) = o**3 + 38*o**2 - 8*o + 58. List the prime factors of h(-38).
2, 181
What are the prime factors of (5071/(-22) - 8)/((-1)/2)?
3, 53
Let a = 13775 + -8232. List the prime factors of a.
23, 241
Suppose -3168 - 63150 = -14*a. What are the prime factors of a?
3, 1579
What are the prime factors of 553311/108 - (-1)/(-4)?
47, 109
Let s = 186 - -1177. List the prime factors of s.
29, 47
Suppose 0 = 3*u + 2*g + 6 + 2, -3*g + 6 = 0. Let p = u - -4. Let n = p + 13. What are the prime factors of n?
13
List the prime factors of 5 - (-1 - 68) - -1.
3, 5
Suppose -9 = b - 13. Suppose 5*t + 1 = l, -b*l + 0*t - 3*t = -96. Let h = 50 - l. List the prime factors of h.
29
List the prime factors of 8/(-28) - (-9966)/42.
3, 79
Let q = -23 - -44. Let i be (-6)/q - (-48)/21. Suppose i*a - 124 = -3*g + a, 2*a - 125 = -3*g. What are the prime factors of g?
41
Suppose 3*u - 763 = -5*y, u - y + 0*y = 265. What are the prime factors of u?
3, 29
Let r(a) = 6*a**3 - a**2. Let m be r(1). Suppose -m*h - 728 = -u, 2*u - 583 = 4*h + u. Let p = -79 - h. What are the prime factors of p?
2, 3, 11
Let n be 12/(-66) + (-9312)/(-33). Let h = n + -185. What are the prime factors of h?
97
Let z(q) = 3*q**2 - 4*q - 6. Let u be 1/5 - (-105)/(-25). Let n be z(u). Let r = n - 23. What are the prime factors of r?
5, 7
Suppose 3*f - 50 + 4275 = 2*x, 4*f - 2118 = -x. What are the prime factors of x?
2, 7, 151
Let y be (1 - -6)*(-20)/(-35). Suppose -2*h = -3*h - 3*z + 43, 140 = y*h + 4*z. What are the prime factors of h?
31
Suppose 12 = -2*c + 20. Suppose -2*f - 2*f + 45 = n, c*f - 30 = 2*n. What are the prime factors of f?
2, 5
Let r(x) = 229*x**2 - 56*x + 162. List the prime factors of r(3).
3, 5, 137
Let t(v) be the third derivative of -3*v**2 + 5/12*v**4 + 0 + 1/120*v**6 + 13/60*v**5 - 5/2*v**3 + 0*v. List the prime factors of t(-12).
3
Let i = 108 + -69. Let q = i - 21. What are the prime factors of (42/(-9))/((-4)/q)?
3, 7
List the prime factors of (-464)/(-2) + -2 - 4.
2, 113
Let i = -387 + 746. List the prime factors of i.
359
Suppose -19*u = -20*u + 423. Suppose -12*q + u = -3*q. What are the prime factors of q?
47
Suppose -101*d = -107*d + 342. List the prime factors of d.
3, 19
Let h = -23 + 10. Let m(w) = -w**3 - 15*w**2 - 2*w - 56. Let v be m(-15). Let p = h - v. List the prime factors of p.
13
Let s(k) = k**3 + 6*k**2 + 4*k - 6. Let t be s(-4). Suppose t = 2*v + 6. Suppose -3*j + f - v = -9, 8 = 4*f. What are the prime factors of j?
3
Let q = -185 + 101. Let n = q - -60. Let f = n - -27. What are the prime factors of